{"id":2,"date":"2018-12-13T22:51:03","date_gmt":"2018-12-13T22:51:03","guid":{"rendered":"http:\/\/iartmedia.com\/agencia\/?page_id=2"},"modified":"2022-03-10T21:15:34","modified_gmt":"2022-03-11T02:15:34","slug":"agencia-de-publicidad","status":"publish","type":"page","link":"https:\/\/iartmedia.com\/agencia\/","title":{"rendered":"Agencia de Publicidad"},"content":{"rendered":"[vc_row el_class=\u00bbelemento_pc\u00bb][vc_column][rev_slider_vc alias=\u00bbslider_home_pc_22&#8243;][\/vc_column][\/vc_row][vc_row el_class=\u00bbelemento_mobile\u00bb][vc_column][rev_slider_vc alias=\u00bbslider_home_cel_22&#8243;][\/vc_column][\/vc_row][vc_row][vc_column][vc_row_inner css=\u00bb.vc_custom_1544746776482{margin: 0px !important;padding: 0px !important;}\u00bb][vc_column_inner width=\u00bb1\/2&#8243; css=\u00bb.vc_custom_1544746756915{margin: 0px !important;padding: 0px !important;}\u00bb][vc_column_text]<img decoding=\"async\" class=\"aligncenter wp-image-200 size-full\" src=\"http:\/\/iartmedia.com\/agencia\/wp-content\/uploads\/home_2_10.jpg\" alt=\"\" width=\"100%\" srcset=\"https:\/\/iartmedia.com\/agencia\/wp-content\/uploads\/home_2_10.jpg 636w, https:\/\/iartmedia.com\/agencia\/wp-content\/uploads\/home_2_10-300x283.jpg 300w, https:\/\/iartmedia.com\/agencia\/wp-content\/uploads\/home_2_10-500x472.jpg 500w\" sizes=\"(max-width: 636px) 100vw, 636px\" \/>[\/vc_column_text][\/vc_column_inner][vc_column_inner width=\u00bb1\/2&#8243; css=\u00bb.vc_custom_1544746765647{margin: 0px !important;padding: 0px !important;}\u00bb][vc_column_text]<img decoding=\"async\" class=\"aligncenter wp-image-201 size-full\" src=\"http:\/\/iartmedia.com\/agencia\/wp-content\/uploads\/home_3_1-1.jpg\" alt=\"\" width=\"100%\" srcset=\"https:\/\/iartmedia.com\/agencia\/wp-content\/uploads\/home_3_1-1.jpg 636w, https:\/\/iartmedia.com\/agencia\/wp-content\/uploads\/home_3_1-1-300x283.jpg 300w, https:\/\/iartmedia.com\/agencia\/wp-content\/uploads\/home_3_1-1-500x472.jpg 500w\" sizes=\"(max-width: 636px) 100vw, 636px\" \/>[\/vc_column_text][\/vc_column_inner][\/vc_row_inner][vc_column_text el_class=\u00bbelemento_pc\u00bb]<img decoding=\"async\" class=\"aligncenter wp-image-263 size-full\" src=\"http:\/\/iartmedia.com\/agencia\/wp-content\/uploads\/home_4_5-3.jpg\" alt=\"\" width=\"100%\" srcset=\"https:\/\/iartmedia.com\/agencia\/wp-content\/uploads\/home_4_5-3.jpg 1270w, https:\/\/iartmedia.com\/agencia\/wp-content\/uploads\/home_4_5-3-300x184.jpg 300w, https:\/\/iartmedia.com\/agencia\/wp-content\/uploads\/home_4_5-3-768x472.jpg 768w, https:\/\/iartmedia.com\/agencia\/wp-content\/uploads\/home_4_5-3-1024x629.jpg 1024w, https:\/\/iartmedia.com\/agencia\/wp-content\/uploads\/home_4_5-3-800x491.jpg 800w, https:\/\/iartmedia.com\/agencia\/wp-content\/uploads\/home_4_5-3-500x307.jpg 500w\" sizes=\"(max-width: 1270px) 100vw, 1270px\" \/>[\/vc_column_text][vc_column_text el_class=\u00bbelemento_mobile\u00bb]<img decoding=\"async\" class=\"aligncenter size-full wp-image-295\" src=\"https:\/\/iartmedia.com\/agencia\/wp-content\/uploads\/iam_agency_home_agencia_publicidad_cel.jpg\" alt=\"\" width=\"100%\" srcset=\"https:\/\/iartmedia.com\/agencia\/wp-content\/uploads\/iam_agency_home_agencia_publicidad_cel.jpg 800w, https:\/\/iartmedia.com\/agencia\/wp-content\/uploads\/iam_agency_home_agencia_publicidad_cel-240x300.jpg 240w, https:\/\/iartmedia.com\/agencia\/wp-content\/uploads\/iam_agency_home_agencia_publicidad_cel-768x960.jpg 768w, https:\/\/iartmedia.com\/agencia\/wp-content\/uploads\/iam_agency_home_agencia_publicidad_cel-500x625.jpg 500w\" sizes=\"(max-width: 800px) 100vw, 800px\" \/>[\/vc_column_text][vc_row_inner][vc_column_inner width=\u00bb1\/3&#8243; css=\u00bb.vc_custom_1545095785278{padding: 0px !important;background-color: #efefef !important;}\u00bb][vc_column_text css=\u00bb.vc_custom_1545092142563{padding-top: 20px !important;padding-right: 20px !important;padding-bottom: 20px !important;padding-left: 20px !important;}\u00bb]<span style=\"text-decoration: underline;\"><span style=\"font-size: 18pt; color: #999999; text-decoration: underline;\">SOLUCIONES EMPRESARIALES<\/span><\/span><\/p>\n<p><span style=\"color: #000000;\"><strong><span style=\"font-size: 24pt;\">IMAGEN INSTITUCIONAL<\/span><\/strong><\/span><\/p>\n<p>Alternativas y soluciones para hacer crecer a tu empresa, renovar tu imagen y crear una identidad corporativa.[\/vc_column_text][vc_empty_space height=\u00bb50px\u00bb][vc_column_text css=\u00bb.vc_custom_1545944932701{padding-top: 20px !important;padding-right: 20px !important;padding-bottom: 20px !important;padding-left: 20px !important;}\u00bb]\n<p style=\"text-align: center;\"><img loading=\"lazy\" decoding=\"async\" src=\"http:\/\/iartmedia.com\/agencia\/wp-content\/uploads\/home_5.jpg\" alt=\"\" width=\"500\" height=\"320\" \/><\/p>\n[\/vc_column_text][\/vc_column_inner][vc_column_inner width=\u00bb1\/3&#8243; css=\u00bb.vc_custom_1545095794233{padding: 0px !important;background-color: #fcfcfc !important;}\u00bb][vc_column_text css=\u00bb.vc_custom_1545092149421{padding-top: 20px !important;padding-right: 20px !important;padding-bottom: 20px !important;padding-left: 20px !important;}\u00bb]<span style=\"text-decoration: underline;\"><span style=\"font-size: 18pt; color: #999999; text-decoration: underline;\">AGENCIA DE PUBLICIDAD<\/span><\/span><\/p>\n<p><span style=\"color: #000000;\"><strong><span style=\"font-size: 24pt;\">PUBLICIDAD CREATIVA<\/span><\/strong><\/span><\/p>\n<p>Creaci\u00f3n y Dise\u00f1o de concepto Ideas 100% originales y creativas para tu marca y empresa.[\/vc_column_text][vc_empty_space height=\u00bb50px\u00bb][vc_column_text css=\u00bb.vc_custom_1545944954057{padding-top: 20px !important;padding-right: 20px !important;padding-bottom: 20px !important;padding-left: 20px !important;}\u00bb]\n<p style=\"text-align: center;\"><img loading=\"lazy\" decoding=\"async\" src=\"http:\/\/iartmedia.com\/agencia\/wp-content\/uploads\/home_6_1.jpg\" alt=\"\" width=\"500\" height=\"320\" \/><\/p>\n[\/vc_column_text][\/vc_column_inner][vc_column_inner width=\u00bb1\/3&#8243; css=\u00bb.vc_custom_1545095802529{padding: 0px !important;background-color: #efefef !important;}\u00bb][vc_column_text css=\u00bb.vc_custom_1545091489460{padding-top: 20px !important;padding-right: 20px !important;padding-bottom: 20px !important;padding-left: 20px !important;}\u00bb]<span style=\"text-decoration: underline;\"><span style=\"font-size: 18pt; color: #999999; text-decoration: underline;\">PRODUCCI\u00d3N TOTAL<\/span><\/span><\/p>\n<p><span style=\"color: #000000;\"><strong><span style=\"font-size: 24pt;\">CAMPA\u00d1AS PUBLICITARIAS<\/span><\/strong><\/span><\/p>\n<p>Ideas, Pre Producci\u00f3n, Direcci\u00f3n de Arte, Producci\u00f3n, Styling, Estudio y todo un equipo de Profesionales a tu servicio.[\/vc_column_text][vc_empty_space height=\u00bb50px\u00bb][vc_column_text css=\u00bb.vc_custom_1545944974821{padding-top: 20px !important;padding-right: 20px !important;padding-bottom: 20px !important;padding-left: 20px !important;}\u00bb]\n<p style=\"text-align: center;\"><img loading=\"lazy\" decoding=\"async\" src=\"http:\/\/iartmedia.com\/agencia\/wp-content\/uploads\/home_7_3-1.jpg\" alt=\"\" width=\"500\" height=\"320\" \/><\/p>\n[\/vc_column_text][\/vc_column_inner][\/vc_row_inner][vc_row_inner][vc_column_inner width=\u00bb2\/3&#8243; css=\u00bb.vc_custom_1545941711687{margin: 0px !important;padding: 0px !important;}\u00bb][vc_column_text]<img decoding=\"async\" class=\"aligncenter wp-image-206 size-full\" src=\"http:\/\/iartmedia.com\/agencia\/wp-content\/uploads\/home_8_1-1.jpg\" alt=\"\" width=\"100%\" srcset=\"https:\/\/iartmedia.com\/agencia\/wp-content\/uploads\/home_8_1-1.jpg 847w, https:\/\/iartmedia.com\/agencia\/wp-content\/uploads\/home_8_1-1-300x213.jpg 300w, https:\/\/iartmedia.com\/agencia\/wp-content\/uploads\/home_8_1-1-768x544.jpg 768w, https:\/\/iartmedia.com\/agencia\/wp-content\/uploads\/home_8_1-1-800x567.jpg 800w, https:\/\/iartmedia.com\/agencia\/wp-content\/uploads\/home_8_1-1-500x354.jpg 500w\" sizes=\"(max-width: 847px) 100vw, 847px\" \/>[\/vc_column_text][\/vc_column_inner][vc_column_inner width=\u00bb1\/3&#8243; css=\u00bb.vc_custom_1545941722065{margin: 0px !important;padding: 0px !important;}\u00bb][vc_column_text]<img decoding=\"async\" class=\"aligncenter wp-image-208 size-full\" src=\"http:\/\/iartmedia.com\/agencia\/wp-content\/uploads\/home_9_10.jpg\" alt=\"\" width=\"100%\" srcset=\"https:\/\/iartmedia.com\/agencia\/wp-content\/uploads\/home_9_10.jpg 424w, https:\/\/iartmedia.com\/agencia\/wp-content\/uploads\/home_9_10-212x300.jpg 212w\" sizes=\"(max-width: 424px) 100vw, 424px\" \/>[\/vc_column_text][\/vc_column_inner][\/vc_row_inner][vc_row_inner][vc_column_inner width=\u00bb1\/2&#8243; css=\u00bb.vc_custom_1545941838008{margin: 0px !important;padding: 0px !important;}\u00bb][vc_column_text]<img decoding=\"async\" class=\"aligncenter size-full wp-image-102\" src=\"http:\/\/iartmedia.com\/agencia\/wp-content\/uploads\/home_10_1.jpg\" alt=\"\" width=\"100%\" \/>[\/vc_column_text][\/vc_column_inner][vc_column_inner width=\u00bb1\/2&#8243; css=\u00bb.vc_custom_1545941847740{margin: 0px !important;padding: 0px !important;}\u00bb][vc_column_text]<img decoding=\"async\" class=\"aligncenter size-full wp-image-103\" src=\"http:\/\/iartmedia.com\/agencia\/wp-content\/uploads\/home_11_1.jpg\" alt=\"\" width=\"100%\" \/>[\/vc_column_text][\/vc_column_inner][\/vc_row_inner][vc_column_text el_class=\u00bbelemento_pc\u00bb]<img decoding=\"async\" class=\"aligncenter wp-image-210 size-full\" src=\"http:\/\/iartmedia.com\/agencia\/wp-content\/uploads\/home_12_1-1.jpg\" alt=\"\" width=\"100%\" srcset=\"https:\/\/iartmedia.com\/agencia\/wp-content\/uploads\/home_12_1-1.jpg 1270w, https:\/\/iartmedia.com\/agencia\/wp-content\/uploads\/home_12_1-1-300x200.jpg 300w, https:\/\/iartmedia.com\/agencia\/wp-content\/uploads\/home_12_1-1-768x513.jpg 768w, https:\/\/iartmedia.com\/agencia\/wp-content\/uploads\/home_12_1-1-1024x684.jpg 1024w, https:\/\/iartmedia.com\/agencia\/wp-content\/uploads\/home_12_1-1-800x534.jpg 800w, https:\/\/iartmedia.com\/agencia\/wp-content\/uploads\/home_12_1-1-500x334.jpg 500w\" sizes=\"(max-width: 1270px) 100vw, 1270px\" \/>[\/vc_column_text][vc_column_text el_class=\u00bbelemento_mobile\u00bb]<img decoding=\"async\" class=\"aligncenter size-full wp-image-297\" src=\"https:\/\/iartmedia.com\/agencia\/wp-content\/uploads\/iam_agency_home_editorial_cel.jpg\" alt=\"\" width=\"100%\" srcset=\"https:\/\/iartmedia.com\/agencia\/wp-content\/uploads\/iam_agency_home_editorial_cel.jpg 800w, https:\/\/iartmedia.com\/agencia\/wp-content\/uploads\/iam_agency_home_editorial_cel-240x300.jpg 240w, https:\/\/iartmedia.com\/agencia\/wp-content\/uploads\/iam_agency_home_editorial_cel-768x960.jpg 768w, https:\/\/iartmedia.com\/agencia\/wp-content\/uploads\/iam_agency_home_editorial_cel-500x625.jpg 500w\" sizes=\"(max-width: 800px) 100vw, 800px\" \/>[\/vc_column_text][vc_row_inner][vc_column_inner width=\u00bb2\/3&#8243; css=\u00bb.vc_custom_1545941735336{margin: 0px !important;padding: 0px !important;}\u00bb][vc_column_text]<img decoding=\"async\" class=\"aligncenter wp-image-212 size-full\" src=\"http:\/\/iartmedia.com\/agencia\/wp-content\/uploads\/home_13.jpg\" alt=\"\" width=\"100%\" srcset=\"https:\/\/iartmedia.com\/agencia\/wp-content\/uploads\/home_13.jpg 846w, https:\/\/iartmedia.com\/agencia\/wp-content\/uploads\/home_13-300x213.jpg 300w, https:\/\/iartmedia.com\/agencia\/wp-content\/uploads\/home_13-768x545.jpg 768w, https:\/\/iartmedia.com\/agencia\/wp-content\/uploads\/home_13-800x567.jpg 800w, https:\/\/iartmedia.com\/agencia\/wp-content\/uploads\/home_13-500x355.jpg 500w\" sizes=\"(max-width: 846px) 100vw, 846px\" \/>[\/vc_column_text][\/vc_column_inner][vc_column_inner width=\u00bb1\/3&#8243; css=\u00bb.vc_custom_1545941745353{margin: 0px !important;padding: 0px !important;}\u00bb][vc_column_text]<img decoding=\"async\" class=\"aligncenter wp-image-214 size-full\" src=\"http:\/\/iartmedia.com\/agencia\/wp-content\/uploads\/home_14_6.jpg\" alt=\"\" width=\"100%\" srcset=\"https:\/\/iartmedia.com\/agencia\/wp-content\/uploads\/home_14_6.jpg 424w, https:\/\/iartmedia.com\/agencia\/wp-content\/uploads\/home_14_6-212x300.jpg 212w\" sizes=\"(max-width: 424px) 100vw, 424px\" \/>[\/vc_column_text][\/vc_column_inner][\/vc_row_inner][vc_column_text el_class=\u00bbelemento_pc\u00bb]<img decoding=\"async\" class=\"aligncenter wp-image-265 size-full\" src=\"http:\/\/iartmedia.com\/agencia\/wp-content\/uploads\/home_15_10-1.jpg\" alt=\"\" width=\"100%\" srcset=\"https:\/\/iartmedia.com\/agencia\/wp-content\/uploads\/home_15_10-1.jpg 1270w, https:\/\/iartmedia.com\/agencia\/wp-content\/uploads\/home_15_10-1-300x173.jpg 300w, https:\/\/iartmedia.com\/agencia\/wp-content\/uploads\/home_15_10-1-768x443.jpg 768w, https:\/\/iartmedia.com\/agencia\/wp-content\/uploads\/home_15_10-1-1024x590.jpg 1024w, https:\/\/iartmedia.com\/agencia\/wp-content\/uploads\/home_15_10-1-800x461.jpg 800w, https:\/\/iartmedia.com\/agencia\/wp-content\/uploads\/home_15_10-1-500x288.jpg 500w\" sizes=\"(max-width: 1270px) 100vw, 1270px\" \/>[\/vc_column_text][vc_column_text el_class=\u00bbelemento_mobile\u00bb]<img decoding=\"async\" class=\"aligncenter size-full wp-image-294\" src=\"https:\/\/iartmedia.com\/agencia\/wp-content\/uploads\/iam_agency_home_agencia_digital_cel.jpg\" alt=\"\" width=\"100%\" srcset=\"https:\/\/iartmedia.com\/agencia\/wp-content\/uploads\/iam_agency_home_agencia_digital_cel.jpg 800w, https:\/\/iartmedia.com\/agencia\/wp-content\/uploads\/iam_agency_home_agencia_digital_cel-240x300.jpg 240w, https:\/\/iartmedia.com\/agencia\/wp-content\/uploads\/iam_agency_home_agencia_digital_cel-768x960.jpg 768w, https:\/\/iartmedia.com\/agencia\/wp-content\/uploads\/iam_agency_home_agencia_digital_cel-500x625.jpg 500w\" sizes=\"(max-width: 800px) 100vw, 800px\" \/>[\/vc_column_text][vc_column_text el_class=\u00bbelemento_pc\u00bb]<img decoding=\"async\" class=\"aligncenter wp-image-237 size-full\" src=\"http:\/\/iartmedia.com\/agencia\/wp-content\/uploads\/home_16_1-2.jpg\" alt=\"\" width=\"100%\" srcset=\"https:\/\/iartmedia.com\/agencia\/wp-content\/uploads\/home_16_1-2.jpg 1270w, https:\/\/iartmedia.com\/agencia\/wp-content\/uploads\/home_16_1-2-300x142.jpg 300w, https:\/\/iartmedia.com\/agencia\/wp-content\/uploads\/home_16_1-2-768x363.jpg 768w, https:\/\/iartmedia.com\/agencia\/wp-content\/uploads\/home_16_1-2-1024x484.jpg 1024w, https:\/\/iartmedia.com\/agencia\/wp-content\/uploads\/home_16_1-2-800x378.jpg 800w, https:\/\/iartmedia.com\/agencia\/wp-content\/uploads\/home_16_1-2-500x236.jpg 500w\" sizes=\"(max-width: 1270px) 100vw, 1270px\" \/>[\/vc_column_text][vc_column_text el_class=\u00bbelemento_mobile\u00bb]<img decoding=\"async\" class=\"aligncenter size-full wp-image-296\" src=\"https:\/\/iartmedia.com\/agencia\/wp-content\/uploads\/iam_agency_home_decoracion_cel.jpg\" alt=\"\" width=\"100%\" srcset=\"https:\/\/iartmedia.com\/agencia\/wp-content\/uploads\/iam_agency_home_decoracion_cel.jpg 800w, https:\/\/iartmedia.com\/agencia\/wp-content\/uploads\/iam_agency_home_decoracion_cel-240x300.jpg 240w, https:\/\/iartmedia.com\/agencia\/wp-content\/uploads\/iam_agency_home_decoracion_cel-768x960.jpg 768w, https:\/\/iartmedia.com\/agencia\/wp-content\/uploads\/iam_agency_home_decoracion_cel-500x625.jpg 500w\" sizes=\"(max-width: 800px) 100vw, 800px\" \/>[\/vc_column_text][vc_row_inner][vc_column_inner width=\u00bb1\/2&#8243; css=\u00bb.vc_custom_1545941665648{margin: 0px !important;padding: 0px !important;}\u00bb][vc_column_text]<img decoding=\"async\" class=\"aligncenter wp-image-235 size-full\" src=\"http:\/\/iartmedia.com\/agencia\/wp-content\/uploads\/home_17_4-1.jpg\" alt=\"\" width=\"100%\" srcset=\"https:\/\/iartmedia.com\/agencia\/wp-content\/uploads\/home_17_4-1.jpg 636w, https:\/\/iartmedia.com\/agencia\/wp-content\/uploads\/home_17_4-1-300x283.jpg 300w, https:\/\/iartmedia.com\/agencia\/wp-content\/uploads\/home_17_4-1-500x472.jpg 500w\" sizes=\"(max-width: 636px) 100vw, 636px\" \/>[\/vc_column_text][\/vc_column_inner][vc_column_inner width=\u00bb1\/2&#8243; css=\u00bb.vc_custom_1545941675441{margin: 0px !important;padding: 0px !important;}\u00bb][vc_column_text]<img decoding=\"async\" class=\"aligncenter wp-image-236 size-full\" src=\"http:\/\/iartmedia.com\/agencia\/wp-content\/uploads\/home_18_3-1.jpg\" alt=\"\" width=\"100%\" srcset=\"https:\/\/iartmedia.com\/agencia\/wp-content\/uploads\/home_18_3-1.jpg 636w, https:\/\/iartmedia.com\/agencia\/wp-content\/uploads\/home_18_3-1-300x283.jpg 300w, https:\/\/iartmedia.com\/agencia\/wp-content\/uploads\/home_18_3-1-500x472.jpg 500w\" sizes=\"(max-width: 636px) 100vw, 636px\" \/>[\/vc_column_text][\/vc_column_inner][\/vc_row_inner][vc_column_text el_class=\u00bbelemento_pc\u00bb]<img decoding=\"async\" class=\"aligncenter wp-image-234 size-full\" src=\"http:\/\/iartmedia.com\/agencia\/wp-content\/uploads\/home_19_3.jpg\" alt=\"\" width=\"100%\" srcset=\"https:\/\/iartmedia.com\/agencia\/wp-content\/uploads\/home_19_3.jpg 1270w, https:\/\/iartmedia.com\/agencia\/wp-content\/uploads\/home_19_3-300x200.jpg 300w, https:\/\/iartmedia.com\/agencia\/wp-content\/uploads\/home_19_3-768x513.jpg 768w, https:\/\/iartmedia.com\/agencia\/wp-content\/uploads\/home_19_3-1024x684.jpg 1024w, https:\/\/iartmedia.com\/agencia\/wp-content\/uploads\/home_19_3-800x534.jpg 800w, https:\/\/iartmedia.com\/agencia\/wp-content\/uploads\/home_19_3-500x334.jpg 500w\" sizes=\"(max-width: 1270px) 100vw, 1270px\" \/>[\/vc_column_text][vc_column_text el_class=\u00bbelemento_mobile\u00bb]<img decoding=\"async\" class=\"aligncenter size-full wp-image-298\" src=\"https:\/\/iartmedia.com\/agencia\/wp-content\/uploads\/iam_agency_home_imprenta_cel.jpg\" alt=\"\" width=\"100%\" srcset=\"https:\/\/iartmedia.com\/agencia\/wp-content\/uploads\/iam_agency_home_imprenta_cel.jpg 800w, https:\/\/iartmedia.com\/agencia\/wp-content\/uploads\/iam_agency_home_imprenta_cel-240x300.jpg 240w, https:\/\/iartmedia.com\/agencia\/wp-content\/uploads\/iam_agency_home_imprenta_cel-768x960.jpg 768w, https:\/\/iartmedia.com\/agencia\/wp-content\/uploads\/iam_agency_home_imprenta_cel-500x625.jpg 500w\" sizes=\"(max-width: 800px) 100vw, 800px\" \/>[\/vc_column_text][vc_column_text el_class=\u00bbelemento_pc\u00bb]<img decoding=\"async\" class=\"aligncenter wp-image-233 size-full\" src=\"http:\/\/iartmedia.com\/agencia\/wp-content\/uploads\/home_20_3-1.jpg\" alt=\"\" width=\"100%\" srcset=\"https:\/\/iartmedia.com\/agencia\/wp-content\/uploads\/home_20_3-1.jpg 1270w, https:\/\/iartmedia.com\/agencia\/wp-content\/uploads\/home_20_3-1-300x139.jpg 300w, https:\/\/iartmedia.com\/agencia\/wp-content\/uploads\/home_20_3-1-768x355.jpg 768w, https:\/\/iartmedia.com\/agencia\/wp-content\/uploads\/home_20_3-1-1024x473.jpg 1024w, https:\/\/iartmedia.com\/agencia\/wp-content\/uploads\/home_20_3-1-800x370.jpg 800w, https:\/\/iartmedia.com\/agencia\/wp-content\/uploads\/home_20_3-1-500x231.jpg 500w\" sizes=\"(max-width: 1270px) 100vw, 1270px\" \/>[\/vc_column_text][vc_column_text el_class=\u00bbelemento_mobile\u00bb]<img decoding=\"async\" class=\"aligncenter size-full wp-image-299\" src=\"https:\/\/iartmedia.com\/agencia\/wp-content\/uploads\/iam_agency_home_merchandising_cel.jpg\" alt=\"\" width=\"100%\" srcset=\"https:\/\/iartmedia.com\/agencia\/wp-content\/uploads\/iam_agency_home_merchandising_cel.jpg 800w, https:\/\/iartmedia.com\/agencia\/wp-content\/uploads\/iam_agency_home_merchandising_cel-240x300.jpg 240w, https:\/\/iartmedia.com\/agencia\/wp-content\/uploads\/iam_agency_home_merchandising_cel-768x960.jpg 768w, https:\/\/iartmedia.com\/agencia\/wp-content\/uploads\/iam_agency_home_merchandising_cel-500x625.jpg 500w\" sizes=\"(max-width: 800px) 100vw, 800px\" \/>[\/vc_column_text][vc_row_inner css=\u00bb.vc_custom_1545095089878{padding: 0px !important;}\u00bb][vc_column_inner width=\u00bb1\/2&#8243; css=\u00bb.vc_custom_1545095015435{padding: 0px !important;}\u00bb][vc_column_text]<img decoding=\"async\" class=\"aligncenter wp-image-232 size-full\" src=\"http:\/\/iartmedia.com\/agencia\/wp-content\/uploads\/home_21_1-2.jpg\" alt=\"\" width=\"100%\" srcset=\"https:\/\/iartmedia.com\/agencia\/wp-content\/uploads\/home_21_1-2.jpg 636w, https:\/\/iartmedia.com\/agencia\/wp-content\/uploads\/home_21_1-2-300x283.jpg 300w, https:\/\/iartmedia.com\/agencia\/wp-content\/uploads\/home_21_1-2-500x472.jpg 500w\" sizes=\"(max-width: 636px) 100vw, 636px\" \/>[\/vc_column_text][\/vc_column_inner][vc_column_inner width=\u00bb1\/2&#8243; css=\u00bb.vc_custom_1545095025540{padding: 0px !important;}\u00bb][vc_column_text]<img decoding=\"async\" class=\"aligncenter wp-image-231 size-full\" src=\"http:\/\/iartmedia.com\/agencia\/wp-content\/uploads\/home_22_1-2.jpg\" alt=\"\" width=\"100%\" srcset=\"https:\/\/iartmedia.com\/agencia\/wp-content\/uploads\/home_22_1-2.jpg 636w, https:\/\/iartmedia.com\/agencia\/wp-content\/uploads\/home_22_1-2-300x283.jpg 300w, https:\/\/iartmedia.com\/agencia\/wp-content\/uploads\/home_22_1-2-500x472.jpg 500w\" sizes=\"(max-width: 636px) 100vw, 636px\" \/>[\/vc_column_text][\/vc_column_inner][\/vc_row_inner][vc_raw_html]JTNDc3R5bGUlM0UlMEEuZW50cnlfX2hlYWRlciU3QmRpc3BsYXklM0Fub25lJTNCJTdEJTBBLndwYl9jb250ZW50X2VsZW1lbnQlMjAlN0IlMjAlMjBtYXJnaW4tYm90dG9tJTNBJTIwMHB4JTIxaW1wb3J0YW50JTNCJTdEJTBBLmFsaWduY2VudGVyJTdCbWFyZ2luJTNBJTIwMHB4JTIxaW1wb3J0YW50JTNCJTdEJTBBJTNDJTJGc3R5bGUlM0U=[\/vc_raw_html][\/vc_column][\/vc_row]\n","protected":false},"excerpt":{"rendered":"<p>[vc_row el_class=\u00bbelemento_pc\u00bb][vc_column][rev_slider_vc alias=\u00bbslider_home_pc_22&#8243;][\/vc_column][\/vc_row][vc_row el_class=\u00bbelemento_mobile\u00bb][vc_column][rev_slider_vc alias=\u00bbslider_home_cel_22&#8243;][\/vc_column][\/vc_row][vc_row][vc_column][vc_row_inner css=\u00bb.vc_custom_1544746776482{margin: 0px !important;padding: 0px !important;}\u00bb][vc_column_inner width=\u00bb1\/2&#8243; css=\u00bb.vc_custom_1544746756915{margin: 0px !important;padding: 0px !important;}\u00bb][vc_column_text][\/vc_column_text][\/vc_column_inner][vc_column_inner width=\u00bb1\/2&#8243; css=\u00bb.vc_custom_1544746765647{margin: 0px !important;padding: 0px !important;}\u00bb][vc_column_text][\/vc_column_text][\/vc_column_inner][\/vc_row_inner][vc_column_text el_class=\u00bbelemento_pc\u00bb][\/vc_column_text][vc_column_text el_class=\u00bbelemento_mobile\u00bb][\/vc_column_text][vc_row_inner][vc_column_inner width=\u00bb1\/3&#8243; css=\u00bb.vc_custom_1545095785278{padding: 0px !important;background-color: #efefef !important;}\u00bb][vc_column_text css=\u00bb.vc_custom_1545092142563{padding-top: 20px !important;padding-right: 20px !important;padding-bottom: 20px !important;padding-left: 20px !important;}\u00bb]SOLUCIONES EMPRESARIALES IMAGEN INSTITUCIONAL Alternativas y soluciones para hacer crecer a tu empresa, renovar tu imagen y crear una identidad corporativa.[\/vc_column_text][vc_empty_space height=\u00bb50px\u00bb][vc_column_text css=\u00bb.vc_custom_1545944932701{padding-top: 20px !important;padding-right: 20px !important;padding-bottom: 20px !important;padding-left: 20px !important;}\u00bb] [\/vc_column_text][\/vc_column_inner][vc_column_inner width=\u00bb1\/3&#8243; css=\u00bb.vc_custom_1545095794233{padding: 0px !important;background-color: #fcfcfc !important;}\u00bb][vc_column_text css=\u00bb.vc_custom_1545092149421{padding-top: 20px !important;padding-right: 20px !important;padding-bottom: 20px !important;padding-left: 20px !important;}\u00bb]AGENCIA DE PUBLICIDAD PUBLICIDAD CREATIVA Creaci\u00f3n y Dise\u00f1o de concepto Ideas 100% originales y creativas para [&hellip;]<\/p>\n","protected":false},"author":1,"featured_media":0,"parent":0,"menu_order":0,"comment_status":"closed","ping_status":"open","template":"","meta":{"footnotes":""},"_links":{"self":[{"href":"https:\/\/iartmedia.com\/agencia\/wp-json\/wp\/v2\/pages\/2"}],"collection":[{"href":"https:\/\/iartmedia.com\/agencia\/wp-json\/wp\/v2\/pages"}],"about":[{"href":"https:\/\/iartmedia.com\/agencia\/wp-json\/wp\/v2\/types\/page"}],"author":[{"embeddable":true,"href":"https:\/\/iartmedia.com\/agencia\/wp-json\/wp\/v2\/users\/1"}],"replies":[{"embeddable":true,"href":"https:\/\/iartmedia.com\/agencia\/wp-json\/wp\/v2\/comments?post=2"}],"version-history":[{"count":84,"href":"https:\/\/iartmedia.com\/agencia\/wp-json\/wp\/v2\/pages\/2\/revisions"}],"predecessor-version":[{"id":301,"href":"https:\/\/iartmedia.com\/agencia\/wp-json\/wp\/v2\/pages\/2\/revisions\/301"}],"wp:attachment":[{"href":"https:\/\/iartmedia.com\/agencia\/wp-json\/wp\/v2\/media?parent=2"}],"curies":[{"name":"wp","href":"https:\/\/api.w.org\/{rel}","templated":true}]}}